git of c?
2
What is the units digit of 1*(-2 + (-6)/(-1))?
4
Let d = -110 + 177. What is the units digit of d?
7
Let f(m) = 13*m - 1. What is the tens digit of f(8)?
0
Suppose 0 = -3*t + 4*t - 9. Let h = 2 + t. What is the tens digit of h?
1
Let z(m) = -4*m**3 + 44 + 5*m**3 + 39 - 3. Let h be z(0). Suppose 4*a = -a + h. What is the units digit of a?
6
Suppose -5*w + 49 = -31. Suppose 2*z - 5*x - w = 13, -5*x - 80 = -5*z. What is the units digit of z?
7
Suppose y - 4*y - b + 40 = 0, -62 = -5*y - 4*b. What is the units digit of y?
4
Let a = 11 + -5. Let y = 4 - a. What is the units digit of (5/(-2) - y)*-2?
1
Let v be 11 + (-1 - -1) - 3. What is the units digit of ((-156)/v)/((-2)/4)?
9
What is the hundreds digit of 70/((-6)/105*-5)?
2
Let k(o) = 19*o**2 + 1. What is the units digit of k(1)?
0
Let m be 0/1 + (-4)/(-2). Suppose 5*c - m*c - 6 = 0. What is the units digit of c?
2
Let z be ((-8)/4)/(2 + -4). What is the units digit of z/2 + (-1)/(-2)?
1
Let u be -1 - (-2 - -4)*-3. Let m(c) be the third derivative of -c**6/120 + c**5/12 - c**4/24 + c**3 - 2*c**2. What is the units digit of m(u)?
1
Let b = -150 + 379. What is the units digit of b?
9
Let d = -6 - -9. What is the units digit of d?
3
Let t be -1 - 8/(0 - 2). Let p = t - -3. What is the units digit of p?
6
Let k(t) = t**3 + 5*t**2 - 8*t + 5. Let o be k(-6). Suppose -3*i + 209 = o. Suppose -5*j + d - 5*d = -62, -5*j - 3*d = -i. What is the units digit of j?
4
Suppose 0 = -6*c + 2*c + 756. What is the tens digit of c?
8
Let i be (-2)/(1/3 + -1). Suppose r + y = -14, 2*r + i*y = -0*r - 33. Let o = 23 + r. What is the units digit of o?
4
Let d(h) = -3*h**2 - 2. Let n be d(-2). Let m = -2 - n. What is the units digit of m?
2
Let q = -10 - -6. Let t = -1 - q. What is the units digit of t?
3
Suppose -8 - 2 = 5*o. What is the units digit of 5/1 + o + 15?
8
Let s be 486/(-10) - (-8)/(-20). What is the units digit of (-455)/s + 2/(-7)?
9
Let k be (-9)/2*(-8)/(-12). Let v be ((-10)/8)/(k/(-60)). Let s = -12 - v. What is the units digit of s?
3
What is the units digit of 1/(-1)*-127 - (-3 + 0)?
0
Suppose 2*t = -q + 154, 5*t + 4*q = -q + 385. What is the units digit of t?
7
Let c(j) = j**2 - 10*j + 2. Let k be c(9). Let g = k - 7. What is the tens digit of (3 + 0)/((-2)/g)?
2
Suppose h + 5*z = -61, 2*z + 114 = -5*h + 3*h. Let j = 109 + h. What is the units digit of j?
3
Let f(z) = z**3 - 6*z**2 + 6*z + 1. Let v be f(5). What is the units digit of 172/v + 2/(-3)?
8
Suppose 4*s - 14 = 6. Suppose -s*g = 14 - 129. What is the units digit of g?
3
Suppose 2*v - 24 - 24 = 0. Let l = -3 + 6. Suppose 3*t + 3*x = v, l*t - 4*x + x = 0. What is the units digit of t?
4
Let z(q) = q**3 - q**2 + q - 2. Suppose -2*p + 1 = -3. What is the units digit of z(p)?
4
Let y(a) = a**3 - 5*a**2 - 11*a + 7. What is the tens digit of y(7)?
2
Suppose 3*w + 15 = -3*x, x + 3*w = -2*w - 25. Suppose x*q = 5*q - 105. What is the units digit of q?
1
Let u be 2/((-6)/9) - -7. Let c = u - -24. What is the units digit of c?
8
Let a = -8 + 11. Suppose a + 2 = u. Suppose -4*q + u*m + 0*m = 1, -4*q + 2 = -2*m. What is the units digit of q?
1
Let r = 37 + -22. Let v(o) = 16*o - r*o + 3 - 2. What is the units digit of v(10)?
1
Suppose 0 = -0*z + z. What is the units digit of 2/1 + z/(-2)?
2
Suppose 6 = x + m - 2, -5*x + 5*m = 10. What is the units digit of (0 - x)/(2/(-6))?
9
Suppose 5*i - 5*o = -70, 16 = -2*i - o - 3*o. Let d be (i/9)/((-2)/3). Suppose -d*p + 5 = 3. What is the units digit of p?
1
Suppose -5*x - 16 = -x. Let z be 68/12 - 2/(-6). Let s = z + x. What is the units digit of s?
2
Let q(t) = -t + 10. Let u = 55 - 20. Suppose -u = -3*k - 2*k. What is the units digit of q(k)?
3
Let m be 0 - (1 - 1) - (-100)/5. Let b be (-1 + 4)*(-4)/(-3). Suppose 0 = 3*o + g - 2*g - m, 2*g = -b*o + 30. What is the units digit of o?
7
Suppose 5*n - x - 15 = -6*x, 4*n - 6 = 2*x. Let c(d) be the third derivative of d**6/120 - d**4/24 + d**3/3 + d**2. What is the units digit of c(n)?
8
Suppose -2*f + 7*f = 45. Suppose 10*c - 5 = f*c. What is the units digit of c?
5
Suppose 4*g - 46 = 3*t, 3*t - 24 = -3*g - 0. Let n be 2/(-12)*-3*g. What is the units digit of n + 0 + 0 + 0?
5
Let z(q) = 2*q**2 + 7*q + 6. What is the units digit of z(-6)?
6
Let a = 7 + 0. What is the units digit of a?
7
Let m = 17 + -8. Suppose m = -5*i + 3*p - 1, 0 = -4*p. What is the units digit of -2 - (i*1 - 1)?
1
Suppose -s - 3*w = -150 + 1, 3*s - 443 = -5*w. What is the hundreds digit of s?
1
Suppose 2*h + l - 23 - 17 = 0, -l - 2 = 0. Let a(f) = -8*f + 3. Let n be a(2). Let b = n + h. What is the units digit of b?
8
Let x(d) = 12*d - 21. Let i be x(4). Suppose 6 = 3*f - 5*p - 10, -2*f + 4*p + 12 = 0. Suppose f*r + r = i. What is the units digit of r?
9
Suppose 82 = 2*v - n, -v = -5*v - n + 176. What is the units digit of v?
3
Let x = 260 + -57. What is the hundreds digit of x?
2
Let r = -5 - -4. Let f be (-94)/(-6) - r/3. Suppose k + 31 = 4*i, i - 3*k = 2*k - f. What is the units digit of i?
9
Let o(f) = 3*f**2 + f. Suppose -d - 3 = -2*d. Suppose -5*t = r + 3, -d*t - 3*r = -r - 1. What is the units digit of o(t)?
2
Let t be (1/(-2))/((-1)/2). Let g(p) = 11*p. What is the units digit of g(t)?
1
Suppose -199 = -2*v + 3*t, -v + 4*v - 297 = 4*t. Suppose 5*y = 2*i - 0*i - v, -5*i = -4*y - 246. What is the units digit of i?
0
Suppose -8*x + 3*x = -550. What is the units digit of x?
0
Let d = 10 - -10. What is the tens digit of d?
2
Let s be 3/(-3)*0/4. What is the units digit of 4 - s - 18/6?
1
Let x = -25 + 22. Let r = 5 - x. What is the units digit of r?
8
Let s = 41 - 27. Let n = s - 8. Let f = n + -2. What is the units digit of f?
4
Suppose -b + 0*w = w - 42, 3*b - 111 = 2*w. What is the units digit of b?
9
Let s(n) = n**3 + 5*n**2 - 8*n - 3. Suppose 3*b = b. Suppose b = 3*w + 5 + 13. What is the units digit of s(w)?
9
What is the tens digit of ((-1)/(-1))/((-1)/(-59))?
5
Suppose -w - 2 + 4 = 0. Let d = 2 + w. What is the units digit of d?
4
Let x = 231 - 140. What is the units digit of x?
1
Suppose -19*w - 495 = -30*w. What is the units digit of w?
5
Let b(g) = 3*g - 1. Let l be b(1). Suppose -3*v = -32 + l. What is the tens digit of v?
1
Let j = -51 - -88. What is the tens digit of j?
3
What is the tens digit of (-1746)/27*9/12*-2?
9
Let v(s) = s**2 + 7*s + 4. Let m be v(-5). What is the units digit of (18/(-15))/(m/20)?
4
Let z(y) = -4*y + 30. What is the tens digit of z(0)?
3
Suppose 2*i - 4*i + 10 = 0. Let y(l) = l**3 - 5*l**2 - 2*l + 6. Let u be y(i). What is the units digit of -3*1 + (-40)/u?
7
What is the tens digit of 1029/15 - 6/10?
6
Let x be ((-1)/(-3))/(10/90). Suppose -c + 100 = x*c. What is the units digit of c?
5
Suppose -36 = z - 2*z. Let m = -26 + z. What is the units digit of m?
0
Suppose -3*b - 20 = -4*b. Suppose -k + 2 + b = 0. Let w = k - 6. What is the units digit of w?
6
Suppose -u + 10 = -4. What is the units digit of u?
4
Let k = 161 + 119. What is the hundreds digit of k?
2
What is the units digit of (-2)/(-3) - (-366)/18?
1
What is the units digit of -3*(-2 + 3) - -8?
5
Suppose 85*x = 83*x + 260. What is the tens digit of x?
3
Suppose 420 = -4*f + 10*f. What is the units digit of f?
0
Let t(c) = -24*c - 23. What is the tens digit of t(-11)?
4
Let k = 11 + -8. Suppose -51 = k*r - 6*r. What is the units digit of r?
7
Let a be (0 + 4/12)*0. Suppose -m + 25 = -a*m. What is the tens digit of m?
2
Let z(d) = 2*d - 1 - 3*d - d. Let c be z(1). What is the units digit of c/(-2*2/8)?
6
Suppose -5*o + 749 = 264. What is the tens digit of o?
9
What is the units digit of ((-2204)/57)/(2/(-3))?
8
Suppose -3*i = -5*i + 18. Let d(h) = 6*h - 1. Let m be d(2). Let k = m - i. What is the units digit of k?
2
Let h be -1*(-12 + -4 - -1). Suppose 4*j - 61 - h = 0. What is the units digit of j?
9
Suppose -2*w + 4 - 15 = i, w = -4*i - 2. Let l be 42/(w/(-2)) + 1. What is the units digit of 8/10 + 3/l?
1
Let c(f) be the third derivative of f**5/60 + f**4/12 - 5*f**3/6 + f**2. Let z be c(-4). Let l(s) = 3*s - 2. What is the units digit of l(z)?
7
What is the tens digit of ((-1424)/(-40))/(4/10)?
8
Suppose 2*z + 4*m = -28, 4*z + 0*z + 3*m + 41 = 0. Suppose -4 = -2*h, 34 = 2*w - 6*w - 5*h. Let u = z - w. What is the units digit of u?
3
Let a = 11 + -7. Suppose -b - 4*w = 4*b - 78,